{"id":28709,"date":"2025-07-22T09:47:27","date_gmt":"2025-07-22T13:47:27","guid":{"rendered":"https:\/\/www.biodiversite.net\/?post_type=animal&#038;p=28709"},"modified":"2025-07-22T09:58:06","modified_gmt":"2025-07-22T13:58:06","slug":"blizzard","status":"publish","type":"animal","link":"https:\/\/www.biodiversite.net\/en\/animal\/blizzard\/","title":{"rendered":"Blizzard"},"content":{"rendered":"\n<p>Year of birth: 2002<\/p>\n\n\n\n<p>Originally from Saskatchewan, where she is said to have had an accident: a head-on collision with a car. This accident didn&#8217;t kill her, but it did disarticulate both her wings, making it impossible for her to make long flights or glide great distances, as she would tire quickly. She was therefore taken in by Granby Zoo for several years. Later, as she aged, the Zoo decided to offer her a quiet retirement at the Museum. Her wild bird past makes her very impulsive, but without malice.<\/p>\n","protected":false},"featured_media":3326,"template":"","meta":{"_acf_changed":true,"site-sidebar-layout":"default","site-content-layout":"","ast-site-content-layout":"default","site-content-style":"default","site-sidebar-style":"default","ast-global-header-display":"","ast-banner-title-visibility":"","ast-main-header-display":"","ast-hfb-above-header-display":"","ast-hfb-below-header-display":"","ast-hfb-mobile-header-display":"","site-post-title":"","ast-breadcrumbs-content":"","ast-featured-img":"","footer-sml-layout":"","ast-disable-related-posts":"","theme-transparent-header-meta":"","adv-header-id-meta":"","stick-header-meta":"","header-above-stick-meta":"","header-main-stick-meta":"","header-below-stick-meta":"","astra-migrate-meta-layouts":"set","ast-page-background-enabled":"default","ast-page-background-meta":{"desktop":{"background-color":"","background-image":"","background-repeat":"repeat","background-position":"center center","background-size":"auto","background-attachment":"scroll","background-type":"","background-media":"","overlay-type":"","overlay-color":"","overlay-opacity":"","overlay-gradient":""},"tablet":{"background-color":"","background-image":"","background-repeat":"repeat","background-position":"center center","background-size":"auto","background-attachment":"scroll","background-type":"","background-media":"","overlay-type":"","overlay-color":"","overlay-opacity":"","overlay-gradient":""},"mobile":{"background-color":"","background-image":"","background-repeat":"repeat","background-position":"center center","background-size":"auto","background-attachment":"scroll","background-type":"","background-media":"","overlay-type":"","overlay-color":"","overlay-opacity":"","overlay-gradient":""}},"ast-content-background-meta":{"desktop":{"background-color":"var(--ast-global-color-5)","background-image":"","background-repeat":"repeat","background-position":"center center","background-size":"auto","background-attachment":"scroll","background-type":"","background-media":"","overlay-type":"","overlay-color":"","overlay-opacity":"","overlay-gradient":""},"tablet":{"background-color":"var(--ast-global-color-5)","background-image":"","background-repeat":"repeat","background-position":"center center","background-size":"auto","background-attachment":"scroll","background-type":"","background-media":"","overlay-type":"","overlay-color":"","overlay-opacity":"","overlay-gradient":""},"mobile":{"background-color":"var(--ast-global-color-5)","background-image":"","background-repeat":"repeat","background-position":"center center","background-size":"auto","background-attachment":"scroll","background-type":"","background-media":"","overlay-type":"","overlay-color":"","overlay-opacity":"","overlay-gradient":""}}},"class_list":["post-28709","animal","type-animal","status-publish","has-post-thumbnail","hentry"],"acf":[],"yoast_head":"<!-- This site is optimized with the Yoast SEO plugin v27.5 - https:\/\/yoast.com\/product\/yoast-seo-wordpress\/ -->\n<title>Blizzard - Mus\u00e9e de la biodiversit\u00e9 du Qu\u00e9bec<\/title>\n<meta name=\"robots\" content=\"index, follow, max-snippet:-1, max-image-preview:large, max-video-preview:-1\" \/>\n<link rel=\"canonical\" href=\"https:\/\/www.biodiversite.net\/en\/animal\/blizzard\/\" \/>\n<meta property=\"og:locale\" content=\"en_US\" \/>\n<meta property=\"og:type\" content=\"article\" \/>\n<meta property=\"og:title\" content=\"Blizzard - Mus\u00e9e de la biodiversit\u00e9 du Qu\u00e9bec\" \/>\n<meta property=\"og:description\" content=\"Year of birth: 2002 Originally from Saskatchewan, where she is said to have had an accident: a head-on collision with a car. This accident didn&#8217;t kill her, but it did disarticulate both her wings, making it impossible for her to make long flights or glide great distances, as she would tire quickly. She was therefore [&hellip;]\" \/>\n<meta property=\"og:url\" content=\"https:\/\/www.biodiversite.net\/en\/animal\/blizzard\/\" \/>\n<meta property=\"og:site_name\" content=\"Mus\u00e9e de la biodiversit\u00e9 du Qu\u00e9bec\" \/>\n<meta property=\"article:modified_time\" content=\"2025-07-22T13:58:06+00:00\" \/>\n<meta property=\"og:image\" content=\"https:\/\/www.biodiversite.net\/wp-content\/uploads\/2022\/04\/Musee-de-la-bio.jpg\" \/>\n\t<meta property=\"og:image:width\" content=\"1200\" \/>\n\t<meta property=\"og:image:height\" content=\"630\" \/>\n\t<meta property=\"og:image:type\" content=\"image\/jpeg\" \/>\n<meta name=\"twitter:card\" content=\"summary_large_image\" \/>\n<script type=\"application\/ld+json\" class=\"yoast-schema-graph\">{\"@context\":\"https:\\\/\\\/schema.org\",\"@graph\":[{\"@type\":\"WebPage\",\"@id\":\"https:\\\/\\\/www.biodiversite.net\\\/en\\\/animal\\\/blizzard\\\/\",\"url\":\"https:\\\/\\\/www.biodiversite.net\\\/en\\\/animal\\\/blizzard\\\/\",\"name\":\"Blizzard - Mus\u00e9e de la biodiversit\u00e9 du Qu\u00e9bec\",\"isPartOf\":{\"@id\":\"https:\\\/\\\/www.biodiversite.net\\\/en\\\/#website\"},\"primaryImageOfPage\":{\"@id\":\"https:\\\/\\\/www.biodiversite.net\\\/en\\\/animal\\\/blizzard\\\/#primaryimage\"},\"image\":{\"@id\":\"https:\\\/\\\/www.biodiversite.net\\\/en\\\/animal\\\/blizzard\\\/#primaryimage\"},\"thumbnailUrl\":\"https:\\\/\\\/www.biodiversite.net\\\/wp-content\\\/uploads\\\/2021\\\/12\\\/Blizzard2-scaled.jpg\",\"datePublished\":\"2025-07-22T13:47:27+00:00\",\"dateModified\":\"2025-07-22T13:58:06+00:00\",\"breadcrumb\":{\"@id\":\"https:\\\/\\\/www.biodiversite.net\\\/en\\\/animal\\\/blizzard\\\/#breadcrumb\"},\"inLanguage\":\"en-US\",\"potentialAction\":[{\"@type\":\"ReadAction\",\"target\":[\"https:\\\/\\\/www.biodiversite.net\\\/en\\\/animal\\\/blizzard\\\/\"]}]},{\"@type\":\"ImageObject\",\"inLanguage\":\"en-US\",\"@id\":\"https:\\\/\\\/www.biodiversite.net\\\/en\\\/animal\\\/blizzard\\\/#primaryimage\",\"url\":\"https:\\\/\\\/www.biodiversite.net\\\/wp-content\\\/uploads\\\/2021\\\/12\\\/Blizzard2-scaled.jpg\",\"contentUrl\":\"https:\\\/\\\/www.biodiversite.net\\\/wp-content\\\/uploads\\\/2021\\\/12\\\/Blizzard2-scaled.jpg\",\"width\":2560,\"height\":1707},{\"@type\":\"BreadcrumbList\",\"@id\":\"https:\\\/\\\/www.biodiversite.net\\\/en\\\/animal\\\/blizzard\\\/#breadcrumb\",\"itemListElement\":[{\"@type\":\"ListItem\",\"position\":1,\"name\":\"Home\",\"item\":\"https:\\\/\\\/www.biodiversite.net\\\/en\\\/\"},{\"@type\":\"ListItem\",\"position\":2,\"name\":\"Blizzard\"}]},{\"@type\":\"WebSite\",\"@id\":\"https:\\\/\\\/www.biodiversite.net\\\/en\\\/#website\",\"url\":\"https:\\\/\\\/www.biodiversite.net\\\/en\\\/\",\"name\":\"Mus\u00e9e de la biodiversit\u00e9 du Qu\u00e9bec\",\"description\":\"Centre d&#039;interpr\u00e9tation sur les esp\u00e8ces animales et la nature\",\"publisher\":{\"@id\":\"https:\\\/\\\/www.biodiversite.net\\\/en\\\/#organization\"},\"potentialAction\":[{\"@type\":\"SearchAction\",\"target\":{\"@type\":\"EntryPoint\",\"urlTemplate\":\"https:\\\/\\\/www.biodiversite.net\\\/en\\\/?s={search_term_string}\"},\"query-input\":{\"@type\":\"PropertyValueSpecification\",\"valueRequired\":true,\"valueName\":\"search_term_string\"}}],\"inLanguage\":\"en-US\"},{\"@type\":\"Organization\",\"@id\":\"https:\\\/\\\/www.biodiversite.net\\\/en\\\/#organization\",\"name\":\"Mus\u00e9e de la biodiversit\u00e9 du Qu\u00e9bec\",\"url\":\"https:\\\/\\\/www.biodiversite.net\\\/en\\\/\",\"logo\":{\"@type\":\"ImageObject\",\"inLanguage\":\"en-US\",\"@id\":\"https:\\\/\\\/www.biodiversite.net\\\/en\\\/#\\\/schema\\\/logo\\\/image\\\/\",\"url\":\"https:\\\/\\\/www.biodiversite.net\\\/wp-content\\\/uploads\\\/2021\\\/05\\\/Biodiversite_logo_final_Couleur_blanc.png\",\"contentUrl\":\"https:\\\/\\\/www.biodiversite.net\\\/wp-content\\\/uploads\\\/2021\\\/05\\\/Biodiversite_logo_final_Couleur_blanc.png\",\"width\":700,\"height\":535,\"caption\":\"Mus\u00e9e de la biodiversit\u00e9 du Qu\u00e9bec\"},\"image\":{\"@id\":\"https:\\\/\\\/www.biodiversite.net\\\/en\\\/#\\\/schema\\\/logo\\\/image\\\/\"}}]}<\/script>\n<!-- \/ Yoast SEO plugin. -->","yoast_head_json":{"title":"Blizzard - Mus\u00e9e de la biodiversit\u00e9 du Qu\u00e9bec","robots":{"index":"index","follow":"follow","max-snippet":"max-snippet:-1","max-image-preview":"max-image-preview:large","max-video-preview":"max-video-preview:-1"},"canonical":"https:\/\/www.biodiversite.net\/en\/animal\/blizzard\/","og_locale":"en_US","og_type":"article","og_title":"Blizzard - Mus\u00e9e de la biodiversit\u00e9 du Qu\u00e9bec","og_description":"Year of birth: 2002 Originally from Saskatchewan, where she is said to have had an accident: a head-on collision with a car. This accident didn&#8217;t kill her, but it did disarticulate both her wings, making it impossible for her to make long flights or glide great distances, as she would tire quickly. She was therefore [&hellip;]","og_url":"https:\/\/www.biodiversite.net\/en\/animal\/blizzard\/","og_site_name":"Mus\u00e9e de la biodiversit\u00e9 du Qu\u00e9bec","article_modified_time":"2025-07-22T13:58:06+00:00","og_image":[{"width":1200,"height":630,"url":"https:\/\/www.biodiversite.net\/wp-content\/uploads\/2022\/04\/Musee-de-la-bio.jpg","type":"image\/jpeg"}],"twitter_card":"summary_large_image","schema":{"@context":"https:\/\/schema.org","@graph":[{"@type":"WebPage","@id":"https:\/\/www.biodiversite.net\/en\/animal\/blizzard\/","url":"https:\/\/www.biodiversite.net\/en\/animal\/blizzard\/","name":"Blizzard - Mus\u00e9e de la biodiversit\u00e9 du Qu\u00e9bec","isPartOf":{"@id":"https:\/\/www.biodiversite.net\/en\/#website"},"primaryImageOfPage":{"@id":"https:\/\/www.biodiversite.net\/en\/animal\/blizzard\/#primaryimage"},"image":{"@id":"https:\/\/www.biodiversite.net\/en\/animal\/blizzard\/#primaryimage"},"thumbnailUrl":"https:\/\/www.biodiversite.net\/wp-content\/uploads\/2021\/12\/Blizzard2-scaled.jpg","datePublished":"2025-07-22T13:47:27+00:00","dateModified":"2025-07-22T13:58:06+00:00","breadcrumb":{"@id":"https:\/\/www.biodiversite.net\/en\/animal\/blizzard\/#breadcrumb"},"inLanguage":"en-US","potentialAction":[{"@type":"ReadAction","target":["https:\/\/www.biodiversite.net\/en\/animal\/blizzard\/"]}]},{"@type":"ImageObject","inLanguage":"en-US","@id":"https:\/\/www.biodiversite.net\/en\/animal\/blizzard\/#primaryimage","url":"https:\/\/www.biodiversite.net\/wp-content\/uploads\/2021\/12\/Blizzard2-scaled.jpg","contentUrl":"https:\/\/www.biodiversite.net\/wp-content\/uploads\/2021\/12\/Blizzard2-scaled.jpg","width":2560,"height":1707},{"@type":"BreadcrumbList","@id":"https:\/\/www.biodiversite.net\/en\/animal\/blizzard\/#breadcrumb","itemListElement":[{"@type":"ListItem","position":1,"name":"Home","item":"https:\/\/www.biodiversite.net\/en\/"},{"@type":"ListItem","position":2,"name":"Blizzard"}]},{"@type":"WebSite","@id":"https:\/\/www.biodiversite.net\/en\/#website","url":"https:\/\/www.biodiversite.net\/en\/","name":"Mus\u00e9e de la biodiversit\u00e9 du Qu\u00e9bec","description":"Centre d&#039;interpr\u00e9tation sur les esp\u00e8ces animales et la nature","publisher":{"@id":"https:\/\/www.biodiversite.net\/en\/#organization"},"potentialAction":[{"@type":"SearchAction","target":{"@type":"EntryPoint","urlTemplate":"https:\/\/www.biodiversite.net\/en\/?s={search_term_string}"},"query-input":{"@type":"PropertyValueSpecification","valueRequired":true,"valueName":"search_term_string"}}],"inLanguage":"en-US"},{"@type":"Organization","@id":"https:\/\/www.biodiversite.net\/en\/#organization","name":"Mus\u00e9e de la biodiversit\u00e9 du Qu\u00e9bec","url":"https:\/\/www.biodiversite.net\/en\/","logo":{"@type":"ImageObject","inLanguage":"en-US","@id":"https:\/\/www.biodiversite.net\/en\/#\/schema\/logo\/image\/","url":"https:\/\/www.biodiversite.net\/wp-content\/uploads\/2021\/05\/Biodiversite_logo_final_Couleur_blanc.png","contentUrl":"https:\/\/www.biodiversite.net\/wp-content\/uploads\/2021\/05\/Biodiversite_logo_final_Couleur_blanc.png","width":700,"height":535,"caption":"Mus\u00e9e de la biodiversit\u00e9 du Qu\u00e9bec"},"image":{"@id":"https:\/\/www.biodiversite.net\/en\/#\/schema\/logo\/image\/"}}]}},"_links":{"self":[{"href":"https:\/\/www.biodiversite.net\/en\/wp-json\/wp\/v2\/animal\/28709","targetHints":{"allow":["GET"]}}],"collection":[{"href":"https:\/\/www.biodiversite.net\/en\/wp-json\/wp\/v2\/animal"}],"about":[{"href":"https:\/\/www.biodiversite.net\/en\/wp-json\/wp\/v2\/types\/animal"}],"wp:featuredmedia":[{"embeddable":true,"href":"https:\/\/www.biodiversite.net\/en\/wp-json\/wp\/v2\/media\/3326"}],"wp:attachment":[{"href":"https:\/\/www.biodiversite.net\/en\/wp-json\/wp\/v2\/media?parent=28709"}],"curies":[{"name":"wp","href":"https:\/\/api.w.org\/{rel}","templated":true}]}}

<!-- This site is optimized with the Yoast SEO plugin v27.5 - https://yoast.com/product/yoast-seo-wordpress/ -->
<title>Blizzard - Musée de la biodiversité du Québec</title>
<meta name="robots" content="index, follow, max-snippet:-1, max-image-preview:large, max-video-preview:-1" />
<link rel="canonical" href="https://www.biodiversite.net/en/animal/blizzard/" />
<meta property="og:locale" content="en_US" />
<meta property="og:type" content="article" />
<meta property="og:title" content="Blizzard - Musée de la biodiversité du Québec" />
<meta property="og:description" content="Year of birth: 2002 Originally from Saskatchewan, where she is said to have had an accident: a head-on collision with a car. This accident didn&#8217;t kill her, but it did disarticulate both her wings, making it impossible for her to make long flights or glide great distances, as she would tire quickly. She was therefore [&hellip;]" />
<meta property="og:url" content="https://www.biodiversite.net/en/animal/blizzard/" />
<meta property="og:site_name" content="Musée de la biodiversité du Québec" />
<meta property="article:modified_time" content="2025-07-22T13:58:06+00:00" />
<meta property="og:image" content="https://www.biodiversite.net/wp-content/uploads/2022/04/Musee-de-la-bio.jpg" />
	<meta property="og:image:width" content="1200" />
	<meta property="og:image:height" content="630" />
	<meta property="og:image:type" content="image/jpeg" />
<meta name="twitter:card" content="summary_large_image" />
<script type="application/ld+json" class="yoast-schema-graph">{"@context":"https:\/\/schema.org","@graph":[{"@type":"WebPage","@id":"https:\/\/www.biodiversite.net\/en\/animal\/blizzard\/","url":"https:\/\/www.biodiversite.net\/en\/animal\/blizzard\/","name":"Blizzard - Musée de la biodiversité du Québec","isPartOf":{"@id":"https:\/\/www.biodiversite.net\/en\/#website"},"primaryImageOfPage":{"@id":"https:\/\/www.biodiversite.net\/en\/animal\/blizzard\/#primaryimage"},"image":{"@id":"https:\/\/www.biodiversite.net\/en\/animal\/blizzard\/#primaryimage"},"thumbnailUrl":"https:\/\/www.biodiversite.net\/wp-content\/uploads\/2021\/12\/Blizzard2-scaled.jpg","datePublished":"2025-07-22T13:47:27+00:00","dateModified":"2025-07-22T13:58:06+00:00","breadcrumb":{"@id":"https:\/\/www.biodiversite.net\/en\/animal\/blizzard\/#breadcrumb"},"inLanguage":"en-US","potentialAction":[{"@type":"ReadAction","target":["https:\/\/www.biodiversite.net\/en\/animal\/blizzard\/"]}]},{"@type":"ImageObject","inLanguage":"en-US","@id":"https:\/\/www.biodiversite.net\/en\/animal\/blizzard\/#primaryimage","url":"https:\/\/www.biodiversite.net\/wp-content\/uploads\/2021\/12\/Blizzard2-scaled.jpg","contentUrl":"https:\/\/www.biodiversite.net\/wp-content\/uploads\/2021\/12\/Blizzard2-scaled.jpg","width":2560,"height":1707},{"@type":"BreadcrumbList","@id":"https:\/\/www.biodiversite.net\/en\/animal\/blizzard\/#breadcrumb","itemListElement":[{"@type":"ListItem","position":1,"name":"Home","item":"https:\/\/www.biodiversite.net\/en\/"},{"@type":"ListItem","position":2,"name":"Blizzard"}]},{"@type":"WebSite","@id":"https:\/\/www.biodiversite.net\/en\/#website","url":"https:\/\/www.biodiversite.net\/en\/","name":"Musée de la biodiversité du Québec","description":"Centre d&#039;interprétation sur les espèces animales et la nature","publisher":{"@id":"https:\/\/www.biodiversite.net\/en\/#organization"},"potentialAction":[{"@type":"SearchAction","target":{"@type":"EntryPoint","urlTemplate":"https:\/\/www.biodiversite.net\/en\/?s={search_term_string}"},"query-input":{"@type":"PropertyValueSpecification","valueRequired":true,"valueName":"search_term_string"}}],"inLanguage":"en-US"},{"@type":"Organization","@id":"https:\/\/www.biodiversite.net\/en\/#organization","name":"Musée de la biodiversité du Québec","url":"https:\/\/www.biodiversite.net\/en\/","logo":{"@type":"ImageObject","inLanguage":"en-US","@id":"https:\/\/www.biodiversite.net\/en\/#\/schema\/logo\/image\/","url":"https:\/\/www.biodiversite.net\/wp-content\/uploads\/2021\/05\/Biodiversite_logo_final_Couleur_blanc.png","contentUrl":"https:\/\/www.biodiversite.net\/wp-content\/uploads\/2021\/05\/Biodiversite_logo_final_Couleur_blanc.png","width":700,"height":535,"caption":"Musée de la biodiversité du Québec"},"image":{"@id":"https:\/\/www.biodiversite.net\/en\/#\/schema\/logo\/image\/"}}]}</script>
<!-- / Yoast SEO plugin. -->

Blizzard - Musée de la biodiversité du Québec

Musée de la biodiversité du Québec

Centre d&#039;interprétation sur les espèces animales et la nature
